{"id":117,"date":"2019-02-25T12:30:19","date_gmt":"2019-02-25T11:30:19","guid":{"rendered":"http:\/\/clairepryet.fr\/?page_id=117"},"modified":"2021-12-29T12:23:12","modified_gmt":"2021-12-29T11:23:12","slug":"a-propos-2","status":"publish","type":"page","link":"https:\/\/clairepryet.fr\/?page_id=117","title":{"rendered":"\u00c0 propos"},"content":{"rendered":"\n<div class=\"wp-block-cover has-background-dim\" style=\"background-image:url(http:\/\/clairepryet.fr\/wp-content\/uploads\/2019\/04\/190319_08.jpg)\"><div class=\"wp-block-cover__inner-container\">\n<p style=\"text-align:center\" class=\"has-large-font-size\">Qui est Claire ?<\/p>\n<\/div><\/div>\n\n\n\n<p class=\"has-drop-cap\">Apr\u00e8s une formation en histoire de l\u2019art et architecture, <strong>Claire<\/strong> est affect\u00e9e au minist\u00e8re en charge de la culture, o\u00f9 elle embrasse des missions de conservation et de valorisation du patrimoine architectural et paysager aupr\u00e8s des particuliers, des professionnels et des \u00e9lus.<\/p>\n\n\n\n<p>Comme charg\u00e9e d\u2019\u00e9tude, elle se consacre \u00e0 <strong>des missions de recherches et de conseils<\/strong>. Elle souhaite ainsi contribuer \u00e0 faire <strong>mieux conna\u00eetre et prot\u00e9ger un h\u00e9ritage commun<\/strong>.  <\/p>\n\n\n\n<p>Elle travaille avec \u00e0 l\u2019esprit de&nbsp;;<\/p>\n\n\n\n<ul><li> construire une connaissance historique bas\u00e9e sur des faits, <\/li><li> toujours s&#8217;interroger sur le bien-fond\u00e9 de la sauvegarde d&#8217;un bien culturel, <\/li><li> prendre conscience que le patrimoine est le choix d&#8217;une communaut\u00e9 pour son avenir.<\/li><li> l&#8217;innovation n&#8217;est pas le contraire de la conservation <\/li><\/ul>\n\n\n\n<div style=\"height:50px\" aria-hidden=\"true\" class=\"wp-block-spacer\"><\/div>\n\n\n\n<h4>Formation<\/h4>\n\n\n\n<div class=\"wp-block-image\"><figure class=\"alignleft is-resized\"><img loading=\"lazy\" src=\"http:\/\/clairepryet.fr\/wp-content\/uploads\/2019\/02\/2010_Mells-frescoes-1-1024x768.jpg\" alt=\"\" class=\"wp-image-75\" width=\"256\" height=\"192\" srcset=\"https:\/\/clairepryet.fr\/wp-content\/uploads\/2019\/02\/2010_Mells-frescoes-1-1024x768.jpg 1024w, https:\/\/clairepryet.fr\/wp-content\/uploads\/2019\/02\/2010_Mells-frescoes-1-300x225.jpg 300w, https:\/\/clairepryet.fr\/wp-content\/uploads\/2019\/02\/2010_Mells-frescoes-1-768x576.jpg 768w, https:\/\/clairepryet.fr\/wp-content\/uploads\/2019\/02\/2010_Mells-frescoes-1.jpg 1600w\" sizes=\"(max-width: 256px) 100vw, 256px\" \/><figcaption>Travail du support de la fresque, 2010.<\/figcaption><\/figure><\/div>\n\n\n\n<ul><li> \u00c9tat sanitaire du b\u00e2ti (Eric Beauvarlet \u2013 Les ateliers de Chanteloube)<\/li><li>Portes &amp; fen\u00eatres anciennes (XVe &#8211; XIXe) &#8211; \u00c9cole d&#8217;Avignon <\/li><li>Master Patrimoine b\u00e2ti et urbain de l\u2019\u00e9poque m\u00e9di\u00e9vale \u00e0 nos jours \u00e0 l\u2019Universit\u00e9 de Lyon <\/li><li>Licence, premi\u00e8re ann\u00e9e, \u00c9cole Nationale Sup\u00e9rieure d\u2019Architecture de Nantes  <\/li><li>Classe Pr\u00e9paratoire en Arts-Plastiques  <\/li><\/ul>\n\n\n\n<div class=\"wp-block-button is-style-outline\"><a class=\"wp-block-button__link has-background has-medium-gray-background-color\" href=\"http:\/\/clairepryet.fr\/wp-content\/uploads\/2019\/03\/CV_2019_2.pdf\" target=\"_blank\" rel=\"noopener noreferrer\">Visualiser le CV<\/a><\/div>\n\n\n\n<div style=\"height:50px\" aria-hidden=\"true\" class=\"wp-block-spacer\"><\/div>\n\n\n\n<h4>Un parcours<\/h4>\n\n\n\n<p class=\"has-drop-cap\">Aupr\u00e8s des Architectes des B\u00e2timents de France et des acteurs du Minist\u00e8re de la Culture, Claire construit une exp\u00e9rience concr\u00e8te de la protection du patrimoine. <\/p>\n\n\n\n<p>En effectuant des missions de conseils et r\u00e9galiennes aupr\u00e8s de particuliers et d\u2019\u00e9lus, elle construit une vision du <strong>patrimoine comme un objet vivant et un bien commun<\/strong>. D\u00e9j\u00e0, son m\u00e9moire sur le paysage et le patrimoine rural posait les bases de cette vision \u00e0 faire m\u00fbrir. L\u2019id\u00e9e, est de participer \u00e0 <strong>la protection durable et \u00e9quitable de traces historiques, parfois t\u00e9nues<\/strong>. Et aussi de projeter, un cadre de vie futur nourrit par les exp\u00e9riences pass\u00e9es. <\/p>\n\n\n\n<p>Ces id\u00e9es se confrontent \u00e0 la r\u00e9alit\u00e9 dans le <strong>cadre exp\u00e9rimental de la vie associative<\/strong>. Avec  &#8220;Museomix&#8221; en Auvergne-Rh\u00f4ne-Alpes Claire teste des prototypes de m\u00e9diation, des m\u00e9thodes d\u2019intelligence collective et met en sc\u00e8ne des \u00e9v\u00e9nements qui r\u00e9unissent des professionnels et des visiteurs au sein d&#8217;un mus\u00e9e ou d&#8217;un site patrimonial.  <\/p>\n\n\n\n<p>Form\u00e9e en arts plastiques, en architecture et en histoire de l\u2019art, elle parle <strong>un langage commun avec les ma\u00eetres d\u2019\u0153uvre du patrimoine<\/strong>. Elle continue \u00e0 se former aux \u00e9tat sanitaires du b\u00e2ti pour mieux comprendre la mati\u00e8re qui constitue le patrimoine b\u00e2ti.<\/p>\n\n\n\n<p>C\u2019est \u00e0 V\u00e9zelay, en Bourgogne, en rev\u00eatant le r\u00f4le de m\u00e9diatrice, que Claire<strong> r\u00e9unit la conception architecturale et la construction historique<\/strong>. Elle a commenc\u00e9 \u00e0 tendre l\u2019oreille \u00e0 ce que peuvent lui transmettre les b\u00e2tisseurs m\u00e9di\u00e9vaux.  <\/p>\n\n\n\n<p>Avec ses visiteurs \u00e0 V\u00e9zelay, Claire apprend aussi \u00e0 <strong>transmettre et \u00e0 faire formuler ce qu\u2019offre la vue d\u2019une \u0153uvre d\u2019art<\/strong>. Faire l\u2019exp\u00e9rience de la part d\u2019invisible dans l\u2019\u0153uvre lui est possible par sa pratique de la danse et son int\u00e9r\u00eat pour les arts vivants. Ainsi, elle participe b\u00e9n\u00e9volement \u00e0 des \u00e9v\u00e9nements artistiques dans des sites patrimoniaux (Nuit des \u00e9glises et Festival d\u2019arts sacr\u00e9s Tarkovsky \u00e0 l\u2019abbatiale de Pontigny dans l\u2019Yonne).<\/p>\n\n\n\n<p>Claire poursuit son travail comme charg\u00e9e d\u2019\u00e9tude, avec l\u2019objectif d\u2019<strong>ouvrir le dialogue sur la protection<\/strong> des immeubles, des villes et des territoires qui constitueront un <strong>h\u00e9ritage commun pour les g\u00e9n\u00e9rations futures<\/strong>.<\/p>\n","protected":false},"excerpt":{"rendered":"<p>Apr\u00e8s une formation en histoire de l\u2019art et architecture, Claire est affect\u00e9e au minist\u00e8re en charge de la culture, o\u00f9 elle embrasse des missions de conservation et de valorisation du patrimoine architectural et paysager aupr\u00e8s des particuliers, des professionnels et des \u00e9lus. Comme charg\u00e9e d\u2019\u00e9tude, &hellip; <a href=\"https:\/\/clairepryet.fr\/?page_id=117\" class=\"more-link\"><span>continuer \u00e0 lire<span class=\"screen-reader-text\">\u00c0 propos<\/span><\/span><\/a><\/p>\n","protected":false},"author":1,"featured_media":0,"parent":0,"menu_order":0,"comment_status":"closed","ping_status":"closed","template":"","meta":[],"_links":{"self":[{"href":"https:\/\/clairepryet.fr\/index.php?rest_route=\/wp\/v2\/pages\/117"}],"collection":[{"href":"https:\/\/clairepryet.fr\/index.php?rest_route=\/wp\/v2\/pages"}],"about":[{"href":"https:\/\/clairepryet.fr\/index.php?rest_route=\/wp\/v2\/types\/page"}],"author":[{"embeddable":true,"href":"https:\/\/clairepryet.fr\/index.php?rest_route=\/wp\/v2\/users\/1"}],"replies":[{"embeddable":true,"href":"https:\/\/clairepryet.fr\/index.php?rest_route=%2Fwp%2Fv2%2Fcomments&post=117"}],"version-history":[{"count":55,"href":"https:\/\/clairepryet.fr\/index.php?rest_route=\/wp\/v2\/pages\/117\/revisions"}],"predecessor-version":[{"id":644,"href":"https:\/\/clairepryet.fr\/index.php?rest_route=\/wp\/v2\/pages\/117\/revisions\/644"}],"wp:attachment":[{"href":"https:\/\/clairepryet.fr\/index.php?rest_route=%2Fwp%2Fv2%2Fmedia&parent=117"}],"curies":[{"name":"wp","href":"https:\/\/api.w.org\/{rel}","templated":true}]}}

À propos

<div class="wp-block-cover has-background-dim" style="background-image:url(http://clairepryet.fr/wp-content/uploads/2019/04/190319_08.jpg)"><div class="wp-block-cover__inner-container">
<p style="text-align:center" class="has-large-font-size">Qui est Claire ?</p>
</div></div>



<p class="has-drop-cap">Après une formation en histoire de l’art et architecture, <strong>Claire</strong> est affectée au ministère en charge de la culture, où elle embrasse des missions de conservation et de valorisation du patrimoine architectural et paysager auprès des particuliers, des professionnels et des élus.</p>



<p>Comme chargée d’étude, elle se consacre à <strong>des missions de recherches et de conseils</strong>. Elle souhaite ainsi contribuer à faire <strong>mieux connaître et protéger un héritage commun</strong>.  </p>



<p>Elle travaille avec à l’esprit de&nbsp;;</p>



<ul><li> construire une connaissance historique basée sur des faits, </li><li> toujours s&#8217;interroger sur le bien-fondé de la sauvegarde d&#8217;un bien culturel, </li><li> prendre conscience que le patrimoine est le choix d&#8217;une communauté pour son avenir.</li><li> l&#8217;innovation n&#8217;est pas le contraire de la conservation </li></ul>



<div style="height:50px" aria-hidden="true" class="wp-block-spacer"></div>



<h4>Formation</h4>



<div class="wp-block-image"><figure class="alignleft is-resized"><img loading="lazy" src="http://clairepryet.fr/wp-content/uploads/2019/02/2010_Mells-frescoes-1-1024x768.jpg" alt="" class="wp-image-75" width="256" height="192" srcset="https://clairepryet.fr/wp-content/uploads/2019/02/2010_Mells-frescoes-1-1024x768.jpg 1024w, https://clairepryet.fr/wp-content/uploads/2019/02/2010_Mells-frescoes-1-300x225.jpg 300w, https://clairepryet.fr/wp-content/uploads/2019/02/2010_Mells-frescoes-1-768x576.jpg 768w, https://clairepryet.fr/wp-content/uploads/2019/02/2010_Mells-frescoes-1.jpg 1600w" sizes="(max-width: 256px) 100vw, 256px" /><figcaption>Travail du support de la fresque, 2010.</figcaption></figure></div>



<ul><li> État sanitaire du bâti (Eric Beauvarlet – Les ateliers de Chanteloube)</li><li>Portes &amp; fenêtres anciennes (XVe &#8211; XIXe) &#8211; École d&#8217;Avignon </li><li>Master Patrimoine bâti et urbain de l’époque médiévale à nos jours à l’Université de Lyon </li><li>Licence, première année, École Nationale Supérieure d’Architecture de Nantes  </li><li>Classe Préparatoire en Arts-Plastiques  </li></ul>



<div class="wp-block-button is-style-outline"><a class="wp-block-button__link has-background has-medium-gray-background-color" href="http://clairepryet.fr/wp-content/uploads/2019/03/CV_2019_2.pdf" target="_blank" rel="noopener noreferrer">Visualiser le CV</a></div>



<div style="height:50px" aria-hidden="true" class="wp-block-spacer"></div>



<h4>Un parcours</h4>



<p class="has-drop-cap">Auprès des Architectes des Bâtiments de France et des acteurs du Ministère de la Culture, Claire construit une expérience concrète de la protection du patrimoine. </p>



<p>En effectuant des missions de conseils et régaliennes auprès de particuliers et d’élus, elle construit une vision du <strong>patrimoine comme un objet vivant et un bien commun</strong>. Déjà, son mémoire sur le paysage et le patrimoine rural posait les bases de cette vision à faire mûrir. L’idée, est de participer à <strong>la protection durable et équitable de traces historiques, parfois ténues</strong>. Et aussi de projeter, un cadre de vie futur nourrit par les expériences passées. </p>



<p>Ces idées se confrontent à la réalité dans le <strong>cadre expérimental de la vie associative</strong>. Avec  &#8220;Museomix&#8221; en Auvergne-Rhône-Alpes Claire teste des prototypes de médiation, des méthodes d’intelligence collective et met en scène des événements qui réunissent des professionnels et des visiteurs au sein d&#8217;un musée ou d&#8217;un site patrimonial.  </p>



<p>Formée en arts plastiques, en architecture et en histoire de l’art, elle parle <strong>un langage commun avec les maîtres d’œuvre du patrimoine</strong>. Elle continue à se former aux état sanitaires du bâti pour mieux comprendre la matière qui constitue le patrimoine bâti.</p>



<p>C’est à Vézelay, en Bourgogne, en revêtant le rôle de médiatrice, que Claire<strong> réunit la conception architecturale et la construction historique</strong>. Elle a commencé à tendre l’oreille à ce que peuvent lui transmettre les bâtisseurs médiévaux.  </p>



<p>Avec ses visiteurs à Vézelay, Claire apprend aussi à <strong>transmettre et à faire formuler ce qu’offre la vue d’une œuvre d’art</strong>. Faire l’expérience de la part d’invisible dans l’œuvre lui est possible par sa pratique de la danse et son intérêt pour les arts vivants. Ainsi, elle participe bénévolement à des événements artistiques dans des sites patrimoniaux (Nuit des églises et Festival d’arts sacrés Tarkovsky à l’abbatiale de Pontigny dans l’Yonne).</p>



<p>Claire poursuit son travail comme chargée d’étude, avec l’objectif d’<strong>ouvrir le dialogue sur la protection</strong> des immeubles, des villes et des territoires qui constitueront un <strong>héritage commun pour les générations futures</strong>.</p>

<p>Après une formation en histoire de l’art et architecture, Claire est affectée au ministère en charge de la culture, où elle embrasse des missions de conservation et de valorisation du patrimoine architectural et paysager auprès des particuliers, des professionnels et des élus. Comme chargée d’étude, &hellip; <a href="https://clairepryet.fr/?page_id=117" class="more-link"><span>continuer à lire<span class="screen-reader-text">À propos</span></span></a></p>
